e number?
False
Is 4805/4 + 5*(-6)/120 a composite number?
False
Suppose -369 = -3*m + 690. Is m composite?
False
Is (-4)/(-1) + 3 + 666 prime?
True
Let m(f) = f + 7. Let n be m(0). Let t = 0 + n. Let h(g) = g**3 - 6*g**2 - 3*g - 6. Is h(t) composite?
True
Let b(i) = i**3 + i**2 + i + 1. Let t be b(-1). Suppose f = -t*f. Suppose -2*m + 26 + 2 = f. Is m prime?
False
Let k(z) = 1. Let f(s) = 23*s. Let u(x) = -f(x) + k(x). Let n be u(-4). Suppose 4*b - 2*j - n = j, -39 = -2*b - j. Is b a prime number?
False
Let o(c) = -c + 20. Let m be o(11). Suppose m = 2*w - 37. Is w a composite number?
False
Let f(q) = q**2 + 5*q. Suppose 0 = -3*o - 8 - 13. Is f(o) prime?
False
Suppose -29 = -5*y + 11. Let m = y - -29. Is m prime?
True
Let l(h) = 3*h**2 + 6*h - 4. Suppose 2*y + 2*b - 6 = -20, -5*y - 27 = -3*b. Let z be l(y). Let c = z - 31. Is c prime?
True
Let f be (-6)/(-4)*-2 - -84. Suppose -v = 2*c - 172, 3*c + 2*v = 4*c - f. Is c a composite number?
True
Let p(u) = -223*u**2 - 2*u - 4. Let n be p(-3). Let o = n - -2822. Suppose 5*g - o = 4*q, 0 = -g + 3*q - q + 167. Is g composite?
True
Let f(b) = 5*b**2 - 15*b + 8. Let d(u) = u**2 + 1. Suppose 0 = -0*c - 5*c + 5. Let m(g) = c*f(g) - 6*d(g). Is m(-7) prime?
False
Let s(z) = z**2 - 6*z + 13. Is s(-14) prime?
True
Let y(n) = -n**3 - 6*n**2 - 2. Let d be y(-6). Let j be (486/(-24))/(d/8). Suppose z - j = 6. Is z composite?
True
Let b = 4 + -2. Suppose 0 = 5*x - 4*q + 1349, -3*x + b*q + 185 - 996 = 0. Is 1/(270/x - -1) prime?
False
Let t be (6/5)/(2/50). Suppose 0 = -3*z + t + 33. Is z prime?
False
Suppose -12 + 3 = -3*t. Let d(n) = 4*n - 2*n**3 + 2 + 4*n**3 - n**t + 5*n**2. Is d(-2) prime?
False
Let i be (-80)/(-4) + 0 + 0. Let r = 15 - 11. Suppose 64 - i = r*h. Is h composite?
False
Let k be 0 + 0/2 - -2. Suppose 5*c - r - 258 = 0, -k*c + 3*r + 22 = -89. Is c composite?
True
Let x be (7 - 0) + -4 + 1. Suppose 2*m + 5*t = 4*m - 13, x*t = 12. Is m a prime number?
False
Let y = -1526 + 2509. Is y composite?
False
Let h(u) = -u**3 + 7*u**2 - 4*u - 8. Let s be h(6). Suppose l + s = 1. Is 5*3*(-2 - l) composite?
True
Let r(v) = 14*v - 8. Let d be r(4). Suppose 4*x - 484 = d. Is x prime?
False
Suppose -88 = -2*p - 2*n, -132 = -3*p - 4*n - n. Suppose -a + 75 = -p. Is a composite?
True
Let i = 25 - 2. Is i composite?
False
Suppose -g + a + 382 = -2*g, 2*g - 5*a = -764. Let r = -29 - g. Is r a composite number?
False
Let o(n) = 18*n**2 + 5*n - 5. Let u be o(4). Suppose u = -5*t + 938. Is t a prime number?
True
Suppose 450 = 4*d - 3598. Suppose 5*z - d = z. Is z a prime number?
False
Let b = -46 - -81. Let a = 158 - b. Is a a prime number?
False
Suppose 0 = -2*p - 3*p - 5*o - 75, 4*o - 66 = 3*p. Let t = 29 + p. Is t prime?
True
Let j be 2/7 + 5862/14. Suppose 0 = 5*o + 2*w - j, -3*w + 338 = o + 3*o. Let p = o + 66. Is p prime?
True
Let l(n) = -6*n + 15. Is l(0) composite?
True
Let z(i) = 0*i + i - 1 + 82 - i**2 + 3. Let r be z(0). Let p = -53 + r. Is p a composite number?
False
Let j = 178 + 75. Is j composite?
True
Suppose -2*l = 2*s, 8 = -0*s + 5*s + 3*l. Suppose -2*w + 21 + 90 = 5*b, -3*w = s*b - 86. Is b composite?
False
Suppose x - 5*n + 0*n = 1226, -5*x = -n - 6130. Is x a prime number?
False
Let v(s) = -4*s**3 + s**2. Let i(p) = -p**2 + 4*p + 4. Let x be i(5). Let h be v(x). Is 116 + h/((-10)/6) prime?
True
Let h(a) = -43*a + 3. Is h(-1) prime?
False
Suppose -6*u + 2*u - 6 = 3*w, 5*u + 21 = 3*w. Is (158/3 - u)*3 prime?
True
Suppose 8 - 34 = -2*r + 2*y, 2*y = 5*r - 68. Let z = 0 + r. Is z composite?
True
Suppose -9 = -3*f + 6. Suppose -295 = 4*n - 2*x - 865, -5*n - f*x = -675. Suppose -3*a = a - n. Is a a composite number?
True
Suppose -3*f - 860 = 4*x - 3981, 2*f - 1560 = -2*x. Let p = -2 + 4. Suppose -4*a + 616 = -p*i, 5*a - x = -0*a - 3*i. Is a composite?
True
Let f = -5 - -8. Is (-1)/f*-69*1 prime?
True
Suppose m = 4*s, 0 = 2*m + 3*s - 8 - 3. Suppose m*y + 3*l + 2*l = 1333, -3*l + 665 = 2*y. Is y a composite number?
False
Let u(n) = -n**3 - 5*n**2 + 4*n - 8. Let l be u(-6). Suppose 3*q - l*a + 465 = 8*q, -480 = -5*q - a. Is q a prime number?
True
Let z(m) = 15*m. Let o be z(-1). Let y = -3 - o. Let i = y + -6. Is i a prime number?
False
Let b(c) = c + 5. Let q be b(-8). Is 38 - (-2 - q/1) composite?
False
Suppose 1 = -g - 7. Is 14*7 + g/8 a prime number?
True
Suppose -2*p - 1037 + 4671 = 4*s, s + 5*p = 886. Is s composite?
False
Suppose 3*a + 15 = 8*a. Let z(n) = -11*n**2 - 4*n + 5. Let b(w) = 34*w**2 + 12*w - 13. Let l(s) = 3*b(s) + 8*z(s). Is l(a) a prime number?
True
Let v = 8 - -959. Is v prime?
True
Let u(s) = -5*s + 1. Let i be u(-2). Let q(a) = 3*a + 2*a + 11*a - 15. Is q(i) a composite number?
True
Suppose -5*f - 303 = -938. Is f a prime number?
True
Let b = -9 - -15. Let i(w) = 2*w + 1 + b*w**2 + w - 2*w. Is i(-1) composite?
True
Is 3/(-4) - 7/(196/(-14049)) a prime number?
False
Suppose 2*y = -2*y + 1424. Suppose 4*d = -0*d + 3*r + y, -267 = -3*d - 3*r. Is d a prime number?
True
Suppose -f - 3*a - 15 = -92, -4*f + 4*a + 308 = 0. Is f composite?
True
Let k be 12 - 0*(-2)/6. Is (3*k)/2 + 1 a composite number?
False
Suppose 4*p = j + 894, 227 = -0*p + p - 2*j. Is p composite?
False
Let c = -91 + 160. Is c prime?
False
Let w = 60 - 23. Is w prime?
True
Suppose -v - 375 = -2*v. Let r = -118 + v. Suppose 4*q - 4 = 2*a - 258, 3*q + r = 2*a. Is a composite?
True
Let z be 2*8 - (4 - 3). Is 2166/z + (-9)/(-15) prime?
False
Suppose 0 = 3*s + r - 10, -s = r - 2 - 4. Suppose 0 = -2*g + s, 70 = 3*x - g + 2*g. Is x composite?
False
Is (-537)/(-7) - (-42)/147 composite?
True
Let y(h) = -2 - 26*h + 1 + 2. Is y(-2) prime?
True
Let v(k) = 32*k - 13. Suppose 0 = -2*n - n + 12, 3*b - 5*n = 1. Is v(b) composite?
False
Is (-4652)/(-10)*85/34 a composite number?
False
Let h(x) = x + 3. Let a be h(3). Suppose -590 = -a*s + 262. Is s prime?
False
Suppose -2*k + 0*k + 5*b = 14, 2*b = 5*k - 7. Suppose 7 = -4*v + 5*a + 68, 45 = k*v - 3*a. Is v a composite number?
True
Suppose -15*z = -15193 - 19802. Is z composite?
False
Let p = 10 - 10. Suppose -4*q = -a - 12, 0 = 2*a - p*q - 4*q + 12. Suppose a = d - 64 - 33. Is d composite?
False
Is ((-4)/4)/((-5)/26905) a composite number?
False
Let z(y) = -y**3 + 7*y**2 + 4*y - 3. Is z(7) a composite number?
True
Let a(b) = 23*b**2 - 2*b + 6. Is a(-3) prime?
False
Let i = 1067 - 760. Is i composite?
False
Suppose -24 = x - 5*t, -2*x = -t - t + 8. Let n = x + 3. Suppose 3*p - 407 = -n*u, p + 4*u = -0*p + 141. Is p prime?
False
Suppose 0 = 2*o - d - 2, -d = 3*o - 0 + 2. Let i = o - 6. Let q(l) = -7*l - 7. Is q(i) prime?
False
Suppose -3*y = i + 2*i, 6 = y + 4*i. Is 3/(y - (-51)/21) a composite number?
False
Let k(r) = -20*r + 16. Let g(b) = -b**2 + 21*b - 17. Let j(o) = -2*g(o) - 3*k(o). Is j(-15) prime?
False
Suppose -2*n = -4*f - 4, 2*n = -3*f + 13 - 2. Let m(p) = 9*p - 3. Let y be m(2). Suppose t = n + y. Is t a composite number?
False
Suppose 0 = -2*k + 5*f - 28, 3*k = -2*k - 5*f. Let v be (-1612)/(-20) - k/10. Suppose 0 = -3*b - 2*c + c + 52, -c = -4*b + v. Is b a composite number?
False
Let j(i) = -i + 2. Let d be j(2). Suppose 2*s + 75 - 27 = o, d = -2*o + 2*s + 90. Is 1944/o + (-2)/7 prime?
False
Let k be 34 - 6/(2 + 0). Let b = -13 + k. Is 0 + b + 1/1 a composite number?
False
Let d = 16 - 16. Suppose 0 = -d*c - 3*c - 5*k + 678, k - 3 = 0. Is c composite?
True
Let x be 2 + -1 + 1 + 0. Suppose x*k - 5*k = 0. Suppose k = 3*z - v - 486, -5*v = -0*v - 15. Is z composite?
False
Suppose 2*s - 313 - 827 = -4*o, 3*o = -2*s + 857. Let j = o - 134. Is j prime?
True
Let h(i) = -19*i - 4. Let s(a) = -a. Let b be (9 + -2)*(-12)/(-14). Let z(v) = b*s(v) - h(v). Is z(3) composite?
False
Let q(n) = 12*n - 11. Is q(2) composite?
False
Let x = -791 - -1698. Is x a composite number?
False
Suppose -5*j + 16 = -3*p + 99, -3*j - 51 = -3*p. Suppose 5*v = v - 36. Let i = v - j. Is i prime?
True
Suppose 8*s - 12*s + 940 = 0. Is s a prime number?
False
Let q(r) = -r**2 + 2*r + 15. Let x be q(-12). Let y = -86 - x. Is y composite?
False
Suppose 0 = r - 0*r - 5, -3*b + 1873 = -4*r. Is b a prime number?
True
Suppose 2*g = -6, 2*g + 46 = -0*i - 2*i. Is 1/4 - 2895/i a composite number?
True
Let f(a) = 7*a**2 - a - 2. Let q be f(-2). Let s = 12 + q. Suppose 0 = 4*k - 2*b - b - s, -k = -2*b - 5. Is k prime?
T